{"id":17671,"date":"2026-08-26T09:49:27","date_gmt":"2026-08-26T07:49:27","guid":{"rendered":"https:\/\/allegem.com\/?post_type=product&#038;p=17671"},"modified":"2026-08-26T09:49:28","modified_gmt":"2026-08-26T07:49:28","slug":"premium-925-os-ezust-medal-termeszetes-braziliai-kozepes-szintonusu-lila-haromszog-es-ovalis-forma-ametiszt-dragakovekkel","status":"publish","type":"product","link":"https:\/\/allegem.com\/en\/termek\/premium-925-os-ezust-medal-termeszetes-braziliai-kozepes-szintonusu-lila-haromszog-es-ovalis-forma-ametiszt-dragakovekkel\/","title":{"rendered":"Pr\u00e9mium 925-\u00f6s ez\u00fcst med\u00e1l term\u00e9szetes braz\u00edliai k\u00f6zepes sz\u00ednt\u00f3nus\u00fa lila h\u00e1romsz\u00f6g \u00e9s ov\u00e1lis forma ametiszt dr\u00e1gak\u00f6vekkel"},"content":{"rendered":"<h2>Pr\u00e9mium min\u0151s\u00e9g\u0171 925-\u00f6s finoms\u00e1g\u00fa exkluz\u00edv ez\u00fcst med\u00e1l, brazil, 6 mm-es h\u00e1romsz\u00f6g \u00e9s 9 x 7 mm-es ov\u00e1lis forma brili\u00e1ns csiszol\u00e1s\u00fa, term\u00e9szetes ametiszt dr\u00e1gak\u00f6vekkel \u00e9s cirk\u00f3ni\u00e1kkal. Az \u00e9kszer 14 kar\u00e1tos feh\u00e9r arannyal van bevonva.<\/h2>\n<h2>A med\u00e1l m\u00e9rete: 40 x 15 mm.<\/h2>\n<h2>Viszontelad\u00f3knak, \u00e9kszer\u00e9szeknek, gy\u0171jt\u0151knek \u00e9s mindenkinek, aki szereti a sz\u00e9p dr\u00e1gak\u00f6veket, sz\u00e9p \u00e9kszereket egyar\u00e1nt aj\u00e1nlott.<\/h2>\n<h2>AlleGem min\u0151s\u00e9g: kiv\u00e1l\u00f3, \u00e9l\u00e9nk sz\u00ednek, \u00e1tl\u00e1tsz\u00f3, j\u00f3 min\u0151s\u00e9g\u0171 dr\u00e1gak\u00f6vek, term\u00e9szetes, bevizsg\u00e1lt. Arannyal bevonva.<\/h2>\n<h3>Tudnival\u00f3k az ametisztr\u0151l:<\/h3>\n<p>A b\u00edbor, lila vagy enyh\u00e9n r\u00f3zsasz\u00edn\u0171 krist\u00e1lyos kvarcot\u00a0<a href=\"https:\/\/allegem.com\/en\/az-ametiszt-tulajdonsagai-elofordulasa-erteke\/\"><strong>ametisztnek<\/strong><\/a>\u00a0nevezik. A hiedelem szerint visel\u0151j\u00e9t megv\u00e9di a r\u00e9szegs\u00e9gt\u0151l \u00e9s j\u00f3zan, komoly gondolkod\u00e1st sugall. Az ametiszt dikroizmusa (k\u00e9tsz\u00edn\u0171s\u00e9ge) k\u00e9kes, vagy m\u00e1s sz\u00f6gb\u0151l n\u00e9zve v\u00f6r\u00f6ses-b\u00edbor \u00e1rnyalat\u00fa. \u00c1ltal\u00e1ban vegyes- vagy l\u00e9pcs\u0151zetesre csiszolj\u00e1k. Az ametiszt gyakran tartalmaz z\u00e1rv\u00e1nyokat, amelyek tigriscs\u00edkosak, ujjlenyomat vagy toll alak\u00faak.<\/p>\n<p><strong>Lel\u0151helyei:\u00a0<\/strong>A legnagyobb ametiszt lel\u0151helyek Braz\u00edli\u00e1ban vannak. Az Uralb\u00f3l sz\u00e1rmaz\u00f3 ametiszt pirosas sz\u00ednezet\u0171, a kanadai ametiszt ink\u00e1bb iboly\u00e1s. Tov\u00e1bbi lel\u0151helyek: Sr\u00ed Lanka, India, Uruguay, Madagaszk\u00e1r, USA, N\u00e9metorsz\u00e1g, Ausztr\u00e1lia, Nam\u00edbia, Zambia.<\/p>\n<p><strong>Gy\u00f3gyhat\u00e1s:<\/strong><br \/>\n<strong>Testi:<\/strong>\u00a0az ametiszt seg\u00edt a stressz okozta fesz\u00fclts\u00e9gek, v\u00e9r\u00f6mlenyek, duzzanatok \u00e9s m\u00e1s felsz\u00edni s\u00e9r\u00fcl\u00e9sek eset\u00e9n. \u00dagy tartj\u00e1k, hogy a l\u00e9gutak \u00e9s a t\u00fcd\u0151 betegs\u00e9geit, tov\u00e1bb\u00e1 a b\u00e9lfl\u00f3ra zavarait is enyh\u00edti.<\/p>\n<p><strong>Lelki:<\/strong>\u00a0a k\u0151 el\u0151seg\u00edti a j\u00f3zans\u00e1got, a szellemi \u00e9bers\u00e9get \u00e9s a koncentr\u00e1ci\u00f3t. Ezenk\u00edv\u00fcl seg\u00edt a tapasztalatokat szellemileg lereag\u00e1lni \u00e9s a gy\u00e1szt lek\u00fczdeni.<\/p>","protected":false},"excerpt":{"rendered":"<p>Pr\u00e9mium min\u0151s\u00e9g\u0171 925-\u00f6s finoms\u00e1g\u00fa exkluz\u00edv ez\u00fcst med\u00e1l, brazil, 6 mm-es h\u00e1romsz\u00f6g \u00e9s 9 x 7 mm-es ov\u00e1lis forma brili\u00e1ns csiszol\u00e1s\u00fa, term\u00e9szetes ametiszt dr\u00e1gak\u00f6vekkel \u00e9s cirk\u00f3ni\u00e1kkal. Az \u00e9kszer 14 kar\u00e1tos feh\u00e9r arannyal van bevonva. A med\u00e1l m\u00e9rete: 40 x 15 mm. Viszontelad\u00f3knak, \u00e9kszer\u00e9szeknek, gy\u0171jt\u0151knek \u00e9s mindenkinek, aki szereti a sz\u00e9p dr\u00e1gak\u00f6veket, sz\u00e9p \u00e9kszereket egyar\u00e1nt aj\u00e1nlott. AlleGem [&hellip;]<\/p>\n","protected":false},"featured_media":17672,"comment_status":"closed","ping_status":"closed","template":"","meta":{"_seopress_titles_title":"Pr\u00e9mium min\u0151s\u00e9g\u0171 term\u00e9szetes brazil ametiszt ez\u00fcst med\u00e1l","_seopress_titles_desc":"Pr\u00e9mium min\u0151s\u00e9g\u0171 925-\u00f6s finoms\u00e1g\u00fa exkluz\u00edv ez\u00fcst med\u00e1l, brazil, 6 mm-es h\u00e1romsz\u00f6g \u00e9s 9 x 7 mm-es ov\u00e1lis term\u00e9szetes ametiszt dr\u00e1gak\u00f6vekkel.","_seopress_robots_index":"","_seopress_robots_follow":"","_seopress_robots_imageindex":"","_seopress_robots_snippet":"","_seopress_robots_primary_cat":"","_seopress_robots_breadcrumbs":"","_seopress_robots_freeze_modified_date":"","_seopress_robots_custom_modified_date":"","_seopress_robots_canonical":"","_seopress_social_fb_title":"","_seopress_social_fb_desc":"","_seopress_social_fb_img":"","_seopress_social_fb_img_attachment_id":0,"_seopress_social_fb_img_width":0,"_seopress_social_fb_img_height":0,"_seopress_social_twitter_title":"","_seopress_social_twitter_desc":"","_seopress_social_twitter_img":"","_seopress_social_twitter_img_attachment_id":0,"_seopress_social_twitter_img_width":0,"_seopress_social_twitter_img_height":0,"_seopress_redirections_value":"","_seopress_redirections_enabled":"","_seopress_redirections_enabled_regex":"","_seopress_redirections_logged_status":"","_seopress_redirections_param":"","_seopress_redirections_type":0,"_seopress_analysis_target_kw":"","_seopress_news_disabled":"","_seopress_video_disabled":"","_seopress_video":[],"_seopress_pro_schemas_manual":[],"_seopress_pro_rich_snippets_disable_all":"","_seopress_pro_rich_snippets_disable":[],"_seopress_pro_schemas":[],"_et_pb_use_builder":"","_et_pb_old_content":"","_et_gb_content_width":""},"product_brand":[],"product_cat":[116,138,69,52],"product_tag":[],"class_list":["post-17671","product","type-product","status-publish","has-post-thumbnail","product_cat-ametiszt-medal","product_cat-ekszer-ujdonsagok","product_cat-ekszerek","product_cat-medalok","first","instock","taxable","shipping-taxable","purchasable","product-type-simple"],"_links":{"self":[{"href":"https:\/\/allegem.com\/en\/wp-json\/wp\/v2\/product\/17671","targetHints":{"allow":["GET"]}}],"collection":[{"href":"https:\/\/allegem.com\/en\/wp-json\/wp\/v2\/product"}],"about":[{"href":"https:\/\/allegem.com\/en\/wp-json\/wp\/v2\/types\/product"}],"replies":[{"embeddable":true,"href":"https:\/\/allegem.com\/en\/wp-json\/wp\/v2\/comments?post=17671"}],"wp:featuredmedia":[{"embeddable":true,"href":"https:\/\/allegem.com\/en\/wp-json\/wp\/v2\/media\/17672"}],"wp:attachment":[{"href":"https:\/\/allegem.com\/en\/wp-json\/wp\/v2\/media?parent=17671"}],"wp:term":[{"taxonomy":"product_brand","embeddable":true,"href":"https:\/\/allegem.com\/en\/wp-json\/wp\/v2\/product_brand?post=17671"},{"taxonomy":"product_cat","embeddable":true,"href":"https:\/\/allegem.com\/en\/wp-json\/wp\/v2\/product_cat?post=17671"},{"taxonomy":"product_tag","embeddable":true,"href":"https:\/\/allegem.com\/en\/wp-json\/wp\/v2\/product_tag?post=17671"}],"curies":[{"name":"wp","href":"https:\/\/api.w.org\/{rel}","templated":true}]}}

Prémium 925-ös ezüst medál természetes brazíliai közepes színtónusú lila háromszög és ovális forma ametiszt drágakövekkel

<h2>Prémium minőségű 925-ös finomságú exkluzív ezüst medál, brazil, 6 mm-es háromszög és 9 x 7 mm-es ovális forma briliáns csiszolású, természetes ametiszt drágakövekkel és cirkóniákkal. Az ékszer 14 karátos fehér arannyal van bevonva.</h2>
<h2>A medál mérete: 40 x 15 mm.</h2>
<h2>Viszonteladóknak, ékszerészeknek, gyűjtőknek és mindenkinek, aki szereti a szép drágaköveket, szép ékszereket egyaránt ajánlott.</h2>
<h2>AlleGem minőség: kiváló, élénk színek, átlátszó, jó minőségű drágakövek, természetes, bevizsgált. Arannyal bevonva.</h2>
<h3>Tudnivalók az ametisztről:</h3>
<p>A bíbor, lila vagy enyhén rózsaszínű kristályos kvarcot <a href="https://allegem.com/en/az-ametiszt-tulajdonsagai-elofordulasa-erteke/"><strong>ametisztnek</strong></a> nevezik. A hiedelem szerint viselőjét megvédi a részegségtől és józan, komoly gondolkodást sugall. Az ametiszt dikroizmusa (kétszínűsége) kékes, vagy más szögből nézve vöröses-bíbor árnyalatú. Általában vegyes- vagy lépcsőzetesre csiszolják. Az ametiszt gyakran tartalmaz zárványokat, amelyek tigriscsíkosak, ujjlenyomat vagy toll alakúak.</p>
<p><strong>Lelőhelyei: </strong>A legnagyobb ametiszt lelőhelyek Brazíliában vannak. Az Uralból származó ametiszt pirosas színezetű, a kanadai ametiszt inkább ibolyás. További lelőhelyek: Srí Lanka, India, Uruguay, Madagaszkár, USA, Németország, Ausztrália, Namíbia, Zambia.</p>
<p><strong>Gyógyhatás:</strong><br />
<strong>Testi:</strong> az ametiszt segít a stressz okozta feszültségek, vérömlenyek, duzzanatok és más felszíni sérülések esetén. Úgy tartják, hogy a légutak és a tüdő betegségeit, továbbá a bélflóra zavarait is enyhíti.</p>
<p><strong>Lelki:</strong> a kő elősegíti a józanságot, a szellemi éberséget és a koncentrációt. Ezenkívül segít a tapasztalatokat szellemileg lereagálni és a gyászt leküzdeni.</p>

<p>Prémium minőségű 925-ös finomságú exkluzív ezüst medál, brazil, 6 mm-es háromszög és 9 x 7 mm-es ovális forma briliáns csiszolású, természetes ametiszt drágakövekkel és cirkóniákkal. Az ékszer 14 karátos fehér arannyal van bevonva. A medál mérete: 40 x 15 mm. Viszonteladóknak, ékszerészeknek, gyűjtőknek és mindenkinek, aki szereti a szép drágaköveket, szép ékszereket egyaránt ajánlott. AlleGem [&hellip;]</p>

Prémium minőségű természetes brazil ametiszt ezüst medál

Prémium minőségű 925-ös finomságú exkluzív ezüst medál, brazil, 6 mm-es háromszög és 9 x 7 mm-es ovális természetes ametiszt drágakövekkel.
